. What is the units digit of n?
8
Suppose 2*p = -3*w + 23, -2*w + p - 17 = -4*w. Suppose 0 = w*j - 24*j + 3679. What is the units digit of j?
3
What is the units digit of -16 - -4 - -14 - -1247?
9
Let t = -87 + 94. Suppose -2*f - l = -5 - 0, 4*f = l + t. Suppose -7*d + 3*d - 2*r = -752, -f*d + 4*r = -386. What is the tens digit of d?
8
Suppose w + 2*w = 9. Suppose -w*h = -0*h - h. What is the units digit of (16 + -15)/(h - 2/(-28))?
4
Let u(h) = 3*h + 18. Let v be u(8). Suppose -54 + v = -3*r. Suppose 5*t = r*a + 2*t - 115, 2*a = 3*t + 65. What is the units digit of a?
5
Let b(l) = 13*l + 74. Let v(k) = 54*k + 296. Let d(c) = -26*b(c) + 6*v(c). What is the tens digit of d(-15)?
6
Let x be 1*(-40)/4*-24. Suppose -20*n = -4*n - x. What is the tens digit of n?
1
Suppose 25*l = 14*l. Suppose -615 = -3*h - 3*q + 6*q, l = -5*h - 3*q + 1033. What is the tens digit of h?
0
Let p(u) = -4*u - 4. Let h be p(-6). Suppose 4*z - 560 = -3*w, 2 = -35*z + 36*z. Let n = h + w. What is the units digit of n?
4
Let w = 367 - 363. Suppose -2*r + w*d - 688 = -6*r, 685 = 4*r + d. What is the tens digit of r?
7
Let s(r) = -5*r**2 + 21*r**2 + 974 - 974 + 5*r. What is the tens digit of s(-11)?
8
What is the units digit of (40 - 2926)*6/(-4)?
9
What is the thousands digit of 3/((-136297)/(-68138) + -2)?
9
Suppose 120*r - 628931 = -79517 + 306906. What is the thousands digit of r?
7
Suppose 3*v - 84314 = -4*o, 5*v - 140470 = 2*o + 2*o. Suppose 41*b - v = 643. What is the hundreds digit of b?
7
Let z = 45765 + 20680. What is the thousands digit of z?
6
Let b = 37 + -34. Suppose 0 = q - 33 - b. What is the tens digit of 1680/q*(-12)/(-10)?
5
Let d(u) = -u**3 - u - 5. Let r be d(0). Let a(y) be the third derivative of -y**4/2 + 5*y**3/6 - 57*y**2. What is the units digit of a(r)?
5
Suppose 2*x = 4, -2*x + 57070 + 98608 = 2*q. What is the units digit of q?
7
Suppose -24*b + 12 = -28*b. What is the tens digit of b*(-58)/(-5)*(-45)/27?
5
Suppose -96*f = -51*f - 60*f + 644820. What is the ten thousands digit of f?
4
Suppose -7*l + 73 + 32 = 0. Suppose -5*h + l = -5*o, -o = -0*o - 1. What is the units digit of h/6 - 30/(-9)?
4
Let m(w) = 5 + 149*w - 43*w + 171*w. What is the hundreds digit of m(2)?
5
Suppose -z = 2*l + 4573 + 12577, 0 = -2*z. What is the tens digit of ((-20)/(-12))/(l/4290 - -2)?
3
Suppose 377*x - 408*x + 168423 = 0. What is the hundreds digit of x?
4
Let j = -20 + 25. Suppose 24 = j*r + 4. Suppose y = 5*k + 155, -3*k + 603 = r*y - 6*k. What is the hundreds digit of y?
1
Let s(j) be the third derivative of -j**6/120 + 7*j**5/30 - 29*j**4/24 - 5*j**3/3 - 3*j**2 - 2. What is the hundreds digit of s(9)?
1
Let f = 104408 - 69819. What is the tens digit of f?
8
What is the units digit of (-531)/(-144)*-4*((-4012)/4 + -1)?
9
Let w = -724 + 737. Let f(k) = -27*k + 57. Let r(a) = 14*a - 29. Let i(z) = -6*f(z) - 11*r(z). What is the units digit of i(w)?
1
Let h(n) = -5*n**3 - 15*n**2 + 14*n - 12. Let l(i) = 17*i**3 + 46*i**2 - 41*i + 36. Let x(s) = -7*h(s) - 2*l(s). What is the hundreds digit of x(-12)?
3
Suppose -5*n = -4*y - 717, -4*y + 576 = 4*n - 6*y. Let h = n - -432. What is the units digit of h?
7
Suppose -27*m - 30*m = -42237. What is the units digit of m?
1
Let d(t) = -14*t + 303. Let h be d(0). Suppose -12*k + 17*k - 915 = -3*u, -u = k - h. What is the tens digit of u?
0
Let t(n) = -792*n + 2056. What is the hundreds digit of t(-3)?
4
Suppose -f + 729 = -3*r - r, -4 = -2*r. Let k = f - 384. What is the units digit of k?
3
Let n = 73225 - 39152. What is the thousands digit of n?
4
Let w be 16/(-10)*10/(-4). Suppose -w + 0 = -2*l. Suppose 5*j - 11 + 2 = -2*m, -m - l = -4*j. What is the units digit of m?
2
Suppose -m - 5 = 0, 2*m - 204 + 25 = -3*x. Suppose -x = -6*p - 27. Let i(c) = c**3 - 4*c**2 - 8*c + 2. What is the tens digit of i(p)?
2
Suppose 0 = -5*r - 4*v + 40217 + 41320, -81535 = -5*r - 5*v. What is the units digit of r?
9
Let n be ((2/6)/((-6)/342))/(-1). Suppose 9*l = -n*l + 26292. What is the units digit of l?
9
Suppose -32*i + 78690 + 18686 = 0. Suppose -2*b - 5*r + i = 0, -4*b + 4673 + 1388 = 5*r. What is the thousands digit of b?
1
Let z = 372 - 345. Suppose -14*y + z*y = 23868. What is the hundreds digit of y?
8
Let d(h) = -h**3 - 34*h**2 - 73*h + 46. What is the hundreds digit of d(-39)?
4
Suppose 3*b - 10524 = -v, -32*b = -4*v - 37*b + 42054. What is the thousands digit of v?
0
Let c(z) = -11*z**2 + 9*z - 1. Let m be c(-6). Let k = -153 - m. What is the hundreds digit of k?
2
Let s be 146*(4 - (-18)/12). Suppose s*c - 808*c = -1845. What is the units digit of c?
9
Let q = 65 - 57. Let l be (4/1)/q*68. Suppose l = 3*u - 4*v, u + 2*u = 2*v + 32. What is the units digit of u?
0
Suppose -25 = 5*i, 11 = 3*g - 2*i + 265. Let y = 25 + g. Let n = 126 + y. What is the units digit of n?
3
Let v(b) = b**3 + 5*b**2 - 5*b - 11. Suppose -4*k = -6 + 26. Let g be v(k). What is the units digit of (-8)/g - (-3942)/63?
2
Let x(h) = 2*h + 12. Let w be x(5). Suppose 8*y - w = 3*y + 4*t, -5*t = 15. Suppose p - 71 = -7*q + 2*q, 2*p = y*q - 38. What is the units digit of q?
5
Suppose 3*g + 2*c - 216 = -0*g, 213 = 3*g + c. Let s = -45 + g. What is the units digit of s?
5
Let p be (-81 + -4 + 6)/((-5)/5). Let h = 160 - p. What is the units digit of h?
1
Let j be (-72)/6*213/(-4). Let g = 1084 - j. What is the units digit of g?
5
Let w(o) be the first derivative of 16*o**2 - 29*o - 12. What is the hundreds digit of w(14)?
4
Let f(z) = -13*z**3 + 13*z**2 - z + 22. What is the hundreds digit of f(-6)?
3
Let g be -9 - (-9 + 5) - 21. Let d = g + 30. Suppose -d*v + 7*v - 438 = 0. What is the units digit of v?
6
Suppose -5*f + 5 = 0, 0 = -3*j + 2*f - 6*f + 1273. Let m = -165 + j. Suppose -2*x + m = 78. What is the units digit of x?
0
Suppose -t - 153 = -j, -3*t + 0*t - 15 = 0. Suppose -180 = -3*u - z + j, -u = z - 110. What is the tens digit of u?
0
Let r be -1*6/(-4)*1*2. Suppose -2*h - 10 = -r*h. Suppose -h*i + 687 = -153. What is the tens digit of i?
8
Suppose -5*i - 26 = -3*r, 0*i = 4*i + 16. Suppose -13 = -r*u - w, 3*u + 21 = 2*u + 5*w. What is the units digit of 9 + 1*(u - 3)?
0
Suppose -x + 16611 = 2*h, -5*h + 2 - 37 = 0. What is the ten thousands digit of x?
1
Let g = 194 - 177. Suppose -g*p + 2580 = -7*p. What is the hundreds digit of p?
2
What is the thousands digit of 17124/12 - (-11 + -3)?
1
Let s = 26696 + -5702. What is the tens digit of s?
9
Let f(t) = 11*t + 57. Let q be f(-5). What is the tens digit of (817/129)/(q/30)?
9
Let q(a) = 37*a**2 + 3*a + 16. Suppose -27 = -47*d + 208. What is the units digit of q(d)?
6
Suppose -14*j + 21390 - 21264 = 0. Let h(a) = a**3 + 8*a**2 + 3*a - 2. Let n be h(-5). What is the tens digit of (n + 2)*(-4 - j/(-2))?
3
Suppose 13*f = 15*f + 14*f - 230960. What is the ten thousands digit of f?
1
Let q(x) = 3548*x**2 + 46*x + 33. What is the thousands digit of q(-3)?
1
Suppose -27*x = -28*x + 26. Let q be x/8 + (-1)/4. Suppose -a = -2 - 0, 54 = z + q*a. What is the units digit of z?
8
Let j be 709*(-2)/(-6) + (-8)/(-12). Suppose 0 = 4*s + 3*p - j, -3*p - 25 = 2*p. Suppose 0 = 2*z - 353 + s. What is the tens digit of z?
4
Suppose 1908*p - 134222 = 1906*p - 2*k, 4*k = -2*p + 134216. What is the ten thousands digit of p?
6
What is the hundreds digit of (-1 + (-2)/6)/((-19)/(2431335/10))?
0
Suppose -63 = -5*y + 3*l, -5*l = -2*l + 3. Suppose 5*s + y + 18 = 0. What is the units digit of s/(-39) + (-128)/(-13)?
0
Let s = 124 - 234. Let l = -104 - s. Suppose l*v - 190 = v. What is the units digit of v?
8
Suppose x = 2 - 3. Let h be (x/2)/((-2)/8). Suppose a = h, 3*p - 5*a - 198 = -p. What is the units digit of p?
2
Let g = 10830 + -7330. What is the units digit of g?
0
Suppose 5 = 3*w - 4. Suppose -4*d - 11 = w*u, -2*u - 4*d = -3*u + 7. What is the hundreds digit of (-89 - u)*(-3)/2?
1
Let d = 42 - 39. Let u(y) = -16*y**3 + 5*y + 7*y**2 + 12 + 17*y**d + 5*y**2. What is the tens digit of u(-11)?
7
Suppose v - 1 = 0, 0 = 2*f - 4*v - 22. Suppose f*u = -4*u + 1513. Suppose -195 = -k + u. What is the tens digit of k?
8
Suppose 309 = 2*p - 4*k - 2065, -4*p + 4766 = k. Let b = p + -497. What is the tens digit of b?
9
Let b be (44 + -4)*25/(-2). Let s = b - -885. What is the units digit of s?
5
Suppose 1164142 = 28*n + 167706. What is the ten tho